{"id":208,"date":"2022-11-27T22:39:36","date_gmt":"2022-11-28T03:39:36","guid":{"rendered":"https:\/\/younginsurancepro.com\/the-programme\/"},"modified":"2022-11-28T02:16:57","modified_gmt":"2022-11-28T07:16:57","slug":"le-programme","status":"publish","type":"page","link":"https:\/\/younginsurancepro.com\/fr\/le-programme\/","title":{"rendered":"Le programme"},"content":{"rendered":"\n<p>Chaque ann\u00e9e, les candidats retenus pour le Programme de formation de jeunes professionnels des assurances suivront une solide formation acc\u00e9l\u00e9r\u00e9e d\u2019un (01) an qui leur permettra d\u2019acqu\u00e9rir une exp\u00e9rience pratique. Pendant 9 mois, ils suivront une formation en ligne intensive sur des modules&nbsp; sp\u00e9cialement con\u00e7us pour eux et portant sur la r\u00e9assurance, le leadership et le management. Les enseignements seront dispens\u00e9s en anglais et en fran\u00e7ais.<\/p>\n\n\n\n<p>Les candidats retenus seront ensuite regroup\u00e9s \u00e0 Lagos ou dans toute autre ville o\u00f9 Africa Re dispose de bureaux pour achever leur formation et pour la c\u00e9r\u00e9monie de remise de parchemins. Les candidats seront divis\u00e9s en groupes pendant cette semaine de contact direct avec les formateurs. Chaque groupe devra pr\u00e9senter un expos\u00e9 de 5 pages sur la mani\u00e8re dont ses membres entendent influer sur leurs compagnies respectives dans les domaines de la formation et de l\u2019acquisition de connaissances et d\u2019aptitudes s\u2019ils venaient \u00e0 occuper des postes de responsabilit\u00e9.<\/p>\n\n\n\n<p>Le programme devrait permettre aux participants de:<\/p>\n\n\n\n<ul class=\"wp-block-list\">\n<li>Comprendre le secteur de la r\u00e9assurance et leurs missions \u00e0 venir dans les domaines du leadership, de la gouvernance et de la responsabilit\u00e9&nbsp;;<\/li>\n\n\n\n<li>Elaborer une approche constructive en mati\u00e8re de concurrence sur les march\u00e9s de la r\u00e9assurance en Afrique en faisant reculer certaines mauvaises pratiques&nbsp;;<\/li>\n\n\n\n<li>Mieux ancrer le professionnalisme&nbsp;;<\/li>\n\n\n\n<li>Am\u00e9liorer les proc\u00e9dures internes (services aux clients, gestion des sinistres, etc.);<\/li>\n\n\n\n<li>Contribuer \u00e0 la recherche sur le march\u00e9 et \u00e0 la segmentation de celui-ci pour les clients \u00e0 faible revenu et concevoir des produits pour les masses pour am\u00e9liorer le taux de p\u00e9n\u00e9tration des assurances;<\/li>\n\n\n\n<li>Contribuer \u00e0 la mise en place de bases de donn\u00e9es fiables sur les statistiques relatives aux march\u00e9s d\u2019assurances et de r\u00e9assurance.<\/li>\n<\/ul>\n\n\n\n<p><\/p>\n","protected":false},"excerpt":{"rendered":"<p>Chaque ann\u00e9e, les candidats retenus pour le Programme de formation de jeunes professionnels des assurances suivront une solide formation acc\u00e9l\u00e9r\u00e9e d\u2019un (01) an qui leur permettra d\u2019acqu\u00e9rir une exp\u00e9rience pratique. Pendant 9 mois, ils suivront une formation en ligne intensive sur des modules&nbsp; sp\u00e9cialement con\u00e7us pour eux et portant sur la r\u00e9assurance, le leadership et [&hellip;]<\/p>\n","protected":false},"author":1,"featured_media":0,"parent":0,"menu_order":0,"comment_status":"closed","ping_status":"closed","template":"templates\/default-template.php","meta":{"footnotes":""},"class_list":["post-208","page","type-page","status-publish","hentry"],"_links":{"self":[{"href":"https:\/\/younginsurancepro.com\/fr\/wp-json\/wp\/v2\/pages\/208","targetHints":{"allow":["GET"]}}],"collection":[{"href":"https:\/\/younginsurancepro.com\/fr\/wp-json\/wp\/v2\/pages"}],"about":[{"href":"https:\/\/younginsurancepro.com\/fr\/wp-json\/wp\/v2\/types\/page"}],"author":[{"embeddable":true,"href":"https:\/\/younginsurancepro.com\/fr\/wp-json\/wp\/v2\/users\/1"}],"replies":[{"embeddable":true,"href":"https:\/\/younginsurancepro.com\/fr\/wp-json\/wp\/v2\/comments?post=208"}],"version-history":[{"count":1,"href":"https:\/\/younginsurancepro.com\/fr\/wp-json\/wp\/v2\/pages\/208\/revisions"}],"predecessor-version":[{"id":244,"href":"https:\/\/younginsurancepro.com\/fr\/wp-json\/wp\/v2\/pages\/208\/revisions\/244"}],"wp:attachment":[{"href":"https:\/\/younginsurancepro.com\/fr\/wp-json\/wp\/v2\/media?parent=208"}],"curies":[{"name":"wp","href":"https:\/\/api.w.org\/{rel}","templated":true}]}}

<p>Chaque année, les candidats retenus pour le Programme de formation de jeunes professionnels des assurances suivront une solide formation accélérée d’un (01) an qui leur permettra d’acquérir une expérience pratique. Pendant 9 mois, ils suivront une formation en ligne intensive sur des modules&nbsp; spécialement conçus pour eux et portant sur la réassurance, le leadership et le management. Les enseignements seront dispensés en anglais et en français.</p>



<p>Les candidats retenus seront ensuite regroupés à Lagos ou dans toute autre ville où Africa Re dispose de bureaux pour achever leur formation et pour la cérémonie de remise de parchemins. Les candidats seront divisés en groupes pendant cette semaine de contact direct avec les formateurs. Chaque groupe devra présenter un exposé de 5 pages sur la manière dont ses membres entendent influer sur leurs compagnies respectives dans les domaines de la formation et de l’acquisition de connaissances et d’aptitudes s’ils venaient à occuper des postes de responsabilité.</p>



<p>Le programme devrait permettre aux participants de:</p>



<ul class="wp-block-list">
<li>Comprendre le secteur de la réassurance et leurs missions à venir dans les domaines du leadership, de la gouvernance et de la responsabilité&nbsp;;</li>



<li>Elaborer une approche constructive en matière de concurrence sur les marchés de la réassurance en Afrique en faisant reculer certaines mauvaises pratiques&nbsp;;</li>



<li>Mieux ancrer le professionnalisme&nbsp;;</li>



<li>Améliorer les procédures internes (services aux clients, gestion des sinistres, etc.);</li>



<li>Contribuer à la recherche sur le marché et à la segmentation de celui-ci pour les clients à faible revenu et concevoir des produits pour les masses pour améliorer le taux de pénétration des assurances;</li>



<li>Contribuer à la mise en place de bases de données fiables sur les statistiques relatives aux marchés d’assurances et de réassurance.</li>
</ul>



<p></p>

<p>Chaque année, les candidats retenus pour le Programme de formation de jeunes professionnels des assurances suivront une solide formation accélérée d’un (01) an qui leur permettra d’acquérir une expérience pratique. Pendant 9 mois, ils suivront une formation en ligne intensive sur des modules&nbsp; spécialement conçus pour eux et portant sur la réassurance, le leadership et [&hellip;]</p>
